 the greatest common divisor of 42 and 42.
42
What is the highest common divisor of 1552 and 16?
16
Calculate the highest common factor of 368 and 644.
92
What is the greatest common divisor of 31 and 279?
31
What is the highest common factor of 14 and 448?
14
Calculate the highest common factor of 843 and 6.
3
What is the greatest common factor of 754 and 182?
26
What is the highest common factor of 44 and 4?
4
What is the highest common factor of 325 and 13?
13
What is the highest common factor of 148 and 10508?
148
What is the highest common divisor of 110 and 286?
22
Calculate the highest common factor of 60 and 7680.
60
Calculate the greatest common factor of 524 and 4.
4
What is the highest common factor of 60 and 380?
20
Calculate the greatest common factor of 35 and 305.
5
What is the highest common divisor of 147 and 14?
7
What is the highest common divisor of 60642 and 54?
54
What is the highest common divisor of 4671 and 173?
173
What is the highest common factor of 39 and 4719?
39
What is the highest common factor of 50490 and 54?
54
What is the highest common factor of 776 and 32?
8
What is the greatest common factor of 1517 and 205?
41
What is the highest common divisor of 24 and 96?
24
What is the highest common divisor of 4 and 452?
4
What is the greatest common divisor of 6 and 16?
2
Calculate the greatest common divisor of 26510 and 330.
110
Calculate the highest common divisor of 13 and 52.
13
What is the greatest common divisor of 20 and 2060?
20
Calculate the greatest common factor of 44 and 20.
4
Calculate the greatest common factor of 452 and 1017.
113
Calculate the highest common factor of 212 and 530.
106
What is the greatest common divisor of 10 and 9390?
10
What is the greatest common factor of 18 and 1512?
18
What is the highest common factor of 25392 and 48?
48
What is the greatest common factor of 20020 and 44?
44
Calculate the greatest common divisor of 45 and 345.
15
Calculate the highest common divisor of 3626 and 98.
98
What is the greatest common divisor of 1770 and 105?
15
Calculate the greatest common factor of 3 and 44.
1
What is the greatest common factor of 8129 and 22?
11
What is the greatest common divisor of 44408 and 8?
8
Calculate the highest common factor of 36 and 63.
9
Calculate the greatest common divisor of 119 and 14.
7
Calculate the highest common factor of 513 and 608.
19
Calculate the greatest common factor of 48 and 47856.
48
What is the highest common factor of 515 and 45?
5
What is the greatest common divisor of 6 and 20970?
6
What is the highest common divisor of 7004 and 68?
68
Calculate the highest common divisor of 3316 and 4.
4
What is the highest common divisor of 455 and 2135?
35
Calculate the highest common factor of 68 and 1028.
4
What is the highest common factor of 72 and 240?
24
What is the highest common factor of 108 and 366?
6
What is the highest common factor of 3423 and 21?
21
Calculate the highest common factor of 249 and 9.
3
What is the highest common divisor of 94 and 31114?
94
Calculate the highest common divisor of 19 and 9994.
19
Calculate the greatest common divisor of 16 and 200.
8
Calculate the greatest common factor of 1600 and 192.
64
Calculate the highest common divisor of 99 and 759.
33
Calculate the greatest common factor of 105 and 435.
15
Calculate the greatest common divisor of 576 and 3776.
64
Calculate the highest common divisor of 816 and 2142.
102
Calculate the greatest common divisor of 31 and 589.
31
Calculate the greatest common factor of 2245 and 25.
5
Calculate the highest common factor of 61 and 671.
61
Calculate the greatest common factor of 95 and 38.
19
What is the greatest common factor of 15 and 225?
15
Calculate the greatest common divisor of 15 and 795.
15
What is the greatest common divisor of 52 and 1508?
52
What is the greatest common divisor of 3776 and 59?
59
What is the highest common factor of 1807 and 351?
13
Calculate the greatest common divisor of 1275 and 102.
51
Calculate the greatest common divisor of 72 and 1206.
18
Calculate the highest common factor of 64 and 9352.
8
Calculate the highest common factor of 25 and 15.
5
What is the greatest common factor of 50 and 1250?
50
Calculate the highest common divisor of 1085 and 7812.
217
What is the greatest common factor of 528 and 420?
12
Calculate the highest common factor of 25 and 175.
25
What is the greatest common factor of 28 and 64?
4
What is the greatest common divisor of 342 and 72?
18
What is the greatest common factor of 4929 and 93?
93
What is the greatest common divisor of 1251 and 72?
9
What is the highest common factor of 1159 and 19?
19
Calculate the highest common divisor of 20 and 70.
10
What is the highest common factor of 7396 and 1548?
172
What is the greatest common divisor of 44 and 154?
22
Calculate the greatest common divisor of 16 and 1288.
8
What is the greatest common factor of 232 and 8?
8
Calculate the highest common factor of 10757 and 31.
31
What is the highest common divisor of 26 and 2639?
13
What is the highest common divisor of 1360 and 160?
80
What is the greatest common factor of 270 and 189?
27
What is the greatest common factor of 14768 and 208?
208
What is the greatest common divisor of 9315 and 115?
115
What is the highest common divisor of 54 and 66?
6
What is the highest common factor of 2148 and 12?
12
Calculate the highest common divisor of 15 and 9.
3
Calculate the greatest common divisor of 4511 and 26.
13
Calculate the greatest common factor of 324 and 351.
27
What is the highest common factor of 38 and 24605?
19
Calculate the greatest common factor of 21 and 1407.
21
What is the highest common factor of 729 and 324?
81
What is the highest common divisor of 1962 and 234?
18
Calculate the greatest common factor of 663 and 65.
13
What is the highest common divisor of 256 and 4?
4
Calculate the greatest common factor of 4092 and 176.
44
What is the greatest common factor of 2235 and 120?
15
What is the highest common divisor of 60 and 1185?
15
Calculate the greatest common factor of 3370 and 20.
10
What is the highest common divisor of 531 and 413?
59
Calculate the greatest common factor of 157 and 31400.
157
What is the greatest common divisor of 6 and 150?
6
Calculate the greatest common divisor of 14 and 20.
2
Calculate the highest common divisor of 2781 and 675.
27
What is the greatest common divisor of 6 and 14802?
6
What is the highest common divisor of 961 and 403?
31
What is the highest common divisor of 1236 and 12?
12
What is the greatest common divisor of 243 and 27?
27
Calculate the highest common divisor of 157 and 7.
1
What is the highest common divisor of 130 and 78?
26
What is the highest common divisor of 240 and 5580?
60
Calculate the greatest common divisor of 453 and 8003.
151
What is the highest common factor of 418 and 570?
38
Calculate the highest common divisor of 3757 and 13.
13
Calculate the highest common factor of 2436 and 756.
84
What is the greatest common factor of 1 and 8?
1
Calculate the greatest common factor of 35 and 925.
5
Calculate the highest common divisor of 957 and 165.
33
Calculate the highest common factor of 258 and 344.
86
Calculate the greatest common factor of 89 and 8633.
89
What is the greatest common divisor of 30 and 5385?
15
Calculate the greatest common divisor of 72 and 7704.
72
What is the greatest common factor of 140 and 4340?
140
What is the greatest common divisor of 26 and 8645?
13
Calculate the highest common divisor of 33 and 528.
33
What is the highest common factor of 1090 and 35?
5
Calculate the greatest common divisor of 8 and 4168.
8
Calculate the greatest common factor of 48 and 5178.
6
What is the greatest common factor of 21540 and 60?
60
Calculate the greatest common factor of 14 and 16.
2
What is the greatest common divisor of 730 and 10?
10
What is the highest common factor of 391 and 17?
17
Calculate the highest common divisor of 114 and 418.
38
Calculate the greatest common factor of 594 and 729.
27
What is the highest common factor of 731 and 85?
17
What is the greatest common factor of 5 and 635?
5
What is the greatest common factor of 195 and 75?
15
What is the greatest common factor of 4 and 4?
4
What is the greatest common divisor of 114 and 3363?
